 be 1 - (-5)/((-10)/6). What are the prime factors of (-2)/((3/y)/3)?
2
Suppose -9*q = -7*q - 320. List the prime factors of q/6*(-42)/(-35).
2
Let x be 26/10 - 6/(-15). Suppose -z - 12 = -x*z. Let t(q) = -q**2 + 7*q + 1. List the prime factors of t(z).
7
List the prime factors of (-539)/(-21) - 1/(-3).
2, 13
Suppose -a = -29 + 9. List the prime factors of 168/a - 2/5.
2
Let x = -195 + 416. What are the prime factors of x?
13, 17
Suppose 3*u - 2*i + 19 = 87, 2*u = -3*i + 67. List the prime factors of u.
2, 13
Suppose y + 120 = 6*y. Let o be 0 + -4 - -2 - -5. Suppose 4*m = 5*m - 4, -o*m - y = -2*i. List the prime factors of i.
2, 3
Let t(l) be the first derivative of l**4/24 - l**3 - l**2 - 3. Let y(a) be the second derivative of t(a). List the prime factors of y(8).
2
Suppose 21 = -3*q - 3*l, 0 = 5*q + l - 3*l + 7. Let y be (2/q)/(6/(-45)). Suppose -3*b - y*d = -d - 25, -b - 5 = 4*d. What are the prime factors of b?
3, 5
List the prime factors of (4 + -49)*(2 - 3).
3, 5
Let v = -33 - -71. What are the prime factors of v?
2, 19
Let m(x) = 3*x**2 - 3*x - 71. List the prime factors of m(11).
7, 37
Let c(p) = p**3 - 6*p**2 - 6*p + 1. Let f be c(7). Let a(s) = s**2 - 7*s - 4. Let t be a(f). What are the prime factors of 66/4 + t/(-8)?
2
Let c = 135 + -79. List the prime factors of c.
2, 7
Let m = 12 - 8. Suppose -m*o + 3 = -101. What are the prime factors of o?
2, 13
Suppose 21 = -4*n + 5*m + 4, 4*m - 18 = n. List the prime factors of -3*1/n*-4.
2, 3
Let z = 4 - 2. Let d be 10*(0 - 110/(-25)). Suppose 0 = 2*q + z*q - d. List the prime factors of q.
11
Let i = 120 + 85. List the prime factors of i.
5, 41
Let c(u) = u**3 + 7*u**2 + 6*u - 2. List the prime factors of c(-5).
2, 3
Suppose 4*i - 20 = -4. Let g(n) = -n**2 + 4*n + 5. What are the prime factors of g(i)?
5
Suppose -6*z - 33 = -111. What are the prime factors of z?
13
Suppose 372 + 84 = 4*b. List the prime factors of b.
2, 3, 19
Let f(s) = -2*s**2 - 8*s + 6. Let z be f(-7). Let c = -16 - z. List the prime factors of c.
2, 5
Let m(l) = -l**2 + 6*l + 1. Let b = 6 + 0. Let r be m(b). List the prime factors of r + (-2)/4*-6.
2
Suppose 36 = 4*m + 4*r, -m - 4*r + 20 = m. What are the prime factors of ((-2)/m)/(5/(-40))?
2
Let f(g) = g**2 - 4*g + 6. Let h be f(2). Let m(o) = 3*o + 3. Let l(w) = 9*w + 10. Let z(a) = -4*l(a) + 14*m(a). What are the prime factors of z(h)?
2, 7
Suppose -4*s - 31 = -5*d, -d - 28 = -5*d + 4*s. Suppose -84 = -f - d*f. List the prime factors of f.
3, 7
List the prime factors of 2/(4/(-510)*-5).
3, 17
Suppose 0 = -5*z + 287 + 28. List the prime factors of z.
3, 7
Let j be ((-4)/7)/((-6)/42). Suppose -16 = -q - j. List the prime factors of q.
2, 3
What are the prime factors of -4*5*6/(-8)?
3, 5
Let k = 13 + -16. List the prime factors of (-112)/(-7) - (k + 0).
19
Suppose -5*u = -136 - 14. What are the prime factors of u?
2, 3, 5
Let f = -4 - -7. Suppose -f*o = o - 8. Suppose c - 5*z - 5 = 9, o = -2*c - 5*z. What are the prime factors of c?
2
Let h(x) be the first derivative of x**3 - 3*x**2/2 - 3*x + 1. Let d be h(-2). Suppose -2*l + 10 = 0, 5*f + 0*l - 5*l = d. List the prime factors of f.
2
Suppose -12 = -2*b - 0*b. What are the prime factors of 0 - -1 - (-42)/b?
2
Let w be (-21)/(-6)*-1*4. Let z = 35 + w. What are the prime factors of z?
3, 7
What are the prime factors of (-41)/(-3) + 10/(-15)?
13
List the prime factors of 11*22*17/34.
11
Let l(h) = h**2 - 3. Let v be l(-3). Suppose -5*z - 1 + 1 = 0. Suppose d - 4*n - 15 = z, -v = d + d + 4*n. What are the prime factors of d?
3
Let f be 2/(-4)*36/6. Let n(m) = -5*m - 4. Let o be n(-3). Let i = f + o. What are the prime factors of i?
2
Let s(u) = u - 20. Let v be s(0). Let h be (24/v)/(6/20). List the prime factors of 1 - (-13 - h/2).
2, 3
Let o(p) = 3*p**3 - 2*p**2 - p + 1. Let v be o(2). Suppose 0 = 5*m - v, 43 = -b + 6*b + m. Suppose 2*k = k + b. List the prime factors of k.
2
Suppose 0 = 3*w + 13 - 82. List the prime factors of w.
23
Let p be 12/(-14)*-1*7. Let n = 2 + p. List the prime factors of n.
2
Suppose 57 = -6*u + 3*u. Let m = -7 - u. List the prime factors of m.
2, 3
Suppose -3*a = 5*y - 22, a - 6 + 0 = -3*y. Let z = -4 + a. What are the prime factors of 1 - (z/(-1) - -1)?
5
Let w(q) = q**2 - 3*q + 2. What are the prime factors of w(-3)?
2, 5
Let d be (1 + -2)/((-2)/10). Suppose 33 = d*z - c, 4*z = 4*c + 3 + 17. List the prime factors of z.
7
Suppose 5*b + 1115 = 7*x - 2*x, 5*b = -2*x + 425. List the prime factors of x.
2, 5, 11
Let u(d) = d**2 + 4. List the prime factors of u(6).
2, 5
Let h(b) = b**2 + 4*b + 5. Let p = -5 - 1. List the prime factors of h(p).
17
Suppose -6 = -5*h - 4*m, 4*h + 2*m - 8 = -h. Suppose h*q = -q + 99. What are the prime factors of q?
3, 11
Suppose -51 = -h + 3*o, 3*h - 80 - 79 = 3*o. Let g = h + -33. List the prime factors of g.
3, 7
Let m = -1 + 3. Let d(u) = -u**3 + 10*u**2 - 8*u - 9. Let x be d(9). Let w = m - x. What are the prime factors of w?
2
Let x = 3 - 1. Let n(h) = -h + 2. Let g be n(x). Let c = 6 + g. What are the prime factors of c?
2, 3
Let k(x) = x**3 + x**2 - x + 1. Let i(f) = -5*f**3 - 5*f**2 + 5*f - 6. Let m(u) = -i(u) - 6*k(u). Let s be m(-2). List the prime factors of 1/((s/(-6))/(-1)).
3
Let w = 44 + -26. Suppose 0 = -5*g + 2*g + w. What are the prime factors of g?
2, 3
Let y = 3 - 3. Suppose y = -3*w - 34 - 26. Let u = 31 + w. What are the prime factors of u?
11
Let g(v) = -v**2 + 3*v - 3. Let h be g(3). Let r be ((-4)/h)/((-4)/(-6)). Suppose 4*k = -4*w + 16 + 24, k - 13 = -r*w. What are the prime factors of k?
7
Suppose -4*g = j - 50 - 163, -1 = -j. Let b = g - 27. List the prime factors of b.
2, 13
Let v = -1 + 2. List the prime factors of v - (3 + 15/(-3)).
3
Let g = -2 - -12. List the prime factors of g.
2, 5
Suppose -8 = -j + 7. What are the prime factors of j*(2 - 15/9)?
5
Let k be (-2)/(-1) + -2 + 3. Suppose k*l = 2 + 31. List the prime factors of l.
11
Let g(h) = -6*h**3 - 5*h**2 - 4*h. List the prime factors of g(-2).
2, 3
Let b be (-112)/(-21) - 2/6. Suppose 2*l - 24 = 3*f - b*f, -3*f = 2*l - 41. Let h = 24 - f. List the prime factors of h.
7
Let b be (-2)/7 + (-9)/(-7). Let l be b/3 - (-10)/(-3). List the prime factors of (7/l)/(2/(-6)).
7
Let j = 1 - 3. Let m = 0 - j. Let t(o) = 8*o + 1. List the prime factors of t(m).
17
Suppose -5*r = -20, 0*q + 2*r - 3 = q. Let x be (0/1)/(7 + -8). Suppose -5*b + 30 = -q*z, -2*b + x*z - 3*z - 8 = 0. List the prime factors of b.
2
Let d(v) = -v**2 - v + 2. Let o be d(0). Let l = o - 10. List the prime factors of l/(-28) + (-57)/(-21).
3
Let c be 1/2 + (-7)/(-2). Let q be (11/(-2))/(c/(-24)). Suppose -x = 5*n - 12, -2*x - 5*n = 2*x - q. What are the prime factors of x?
7
Let i = -143 - -366. List the prime factors of i.
223
Let o(d) = 1 + 0*d**2 + d**2 + 0. Let t be o(-2). Suppose 3*p = -t*w + 25, -2*w + 2*p + 5 = -w. What are the prime factors of w?
5
Let a = 276 + -94. List the prime factors of a.
2, 7, 13
Let v = 179 + -55. What are the prime factors of v?
2, 31
Suppose -4*j = -3*j + 9. Let o = 17 + j. Let s(f) = f**3 - 7*f**2 - 7*f + 4. List the prime factors of s(o).
2, 3
Let x(b) = b - 2. Suppose 3*o = -w + 18, w + 28 = 4*o + 11. Suppose -z - 1 = -o. What are the prime factors of x(z)?
2
Let s(d) = d**3 + 5*d**2 + 3*d. Let q be s(-4). Let b be ((-3)/4)/(1/4). What are the prime factors of q + -1 + (-3)/b?
2
Let u = 363 + -177. List the prime factors of u.
2, 3, 31
Suppose 4 = u - 3*u. List the prime factors of 1 + u + 1 + 18.
2, 3
Let s = 38 - 26. What are the prime factors of s?
2, 3
Suppose 0 = -2*y - 0*y. Let g = y + 30. What are the prime factors of g?
2, 3, 5
Suppose -3*z = -3*d + 4*d + 8, -20 = -5*d + 5*z. List the prime factors of -4 + 31 + (-3)/d.
2, 3
Suppose 5*r + 5*j = 4*j + 352, 5*r - j = 358. List the prime factors of r.
71
Suppose -u - 3*j - 54 = -6*u, 5*j = 3*u - 26. Suppose -u = -6*p + 4*p. List the prime factors of p.
2, 3
Suppose 2*m = -6 - 2. Let z(v) = v + 19. Let f be z(-9). Let r = f + m. List the prime factors of r.
2, 3
Suppose -4*y + 24 = 4*t, 4*t + 0*y = -3*y + 20. Let j(l) = l**3 + 2*l**2 - 2*l - 2. List the prime factors of j(t).
2, 5
Let c(f) = -f**3 - 9*f**2 - 5*f + 10. Let o be c(-8). Let z = o + 23. What are the prime factors of z?
3
Let c(h) = 18*h - 11. What are the prime